What is f(35)?
-440
Let x(i) = -i**3 + 9*i**2 + 345*i - 1906. Give x(5).
-81
Let k(x) = 3*x**3 - 15*x**2 + 64*x - 340. Determine k(5).
-20
Let n(o) = 2*o**3 + 736*o**2 + 728*o - 2307. What is n(-367)?
-105
Let k(l) = -l**2 + 108*l + 16306. Determine k(-85).
-99
Let l(u) = -27390*u - 1944701. Calculate l(-71).
-11
Let s(z) = -2*z**3 - 76*z**2 - 8*z - 589. Determine s(-38).
-285
Let h(v) = -3*v**2 - 106*v - 615. What is h(-26)?
113
Let o(k) = 41*k**2 + 1539*k + 208. What is o(-39)?
2548
Let n(z) = -4*z**3 - 8*z**2 + 24*z + 340. Give n(6).
-668
Let a(y) = -y**3 + 49*y**2 + 291*y - 1347. Give a(54).
-213
Let p(m) = 4*m**2 + 1467*m + 1468. Calculate p(-1).
5
Let r(p) = p**3 + 18*p**2 + 158*p + 13850. Give r(-29).
17
Let j(x) = -5962*x - 1168551. Give j(-196).
1
Let u(a) = a**3 - 44*a**2 + 384*a - 12. Determine u(32).
-12
Let k(p) = 7*p**2 - 130*p + 290. Give k(12).
-262
Let c(p) = -3554*p - 120795. Determine c(-34).
41
Let w(l) = 535471*l - 2141895. Determine w(4).
-11
Let n(r) = -3057*r - 192585. Give n(-63).
6
Let q(u) = -13*u**2 - 97*u - 86. Determine q(-10).
-416
Let w(d) = 4*d**3 - 75*d**2 + 8*d - 162. Calculate w(18).
-990
Let p(i) = -i**3 - 89*i**2 - 498*i - 3. Determine p(-6).
-3
Let h(w) = w**3 + 69*w**2 - 50*w + 1384. Determine h(-70).
-16
Let w(i) = -14291*i - 5945048. Calculate w(-416).
8
Let c(y) = -5*y**3 + 87*y**2 + 37*y - 19. Calculate c(16).
2365
Let x(z) = 11373*z - 34125. What is x(3)?
-6
Let z(n) = n**3 + 83*n**2 + 3664*n + 314844. Calculate z(-84).
12
Let r(p) = 3196*p**2 - 31935*p - 20. Determine r(10).
230
Let d(u) = 2*u**3 + 132*u**2 + 1285*u - 167. Calculate d(-54).
427
Let q(m) = -46853*m + 1499360. What is q(32)?
64
Let o(z) = 2*z**3 + 70*z**2 - 4*z + 2747. What is o(-36)?
299
Let d(s) = 2*s**2 - 54825*s - 603234. What is d(-11)?
83
Let h(c) = -6*c**2 + 512*c - 10501. Determine h(33).
-139
Let t(r) = 13*r**3 + 140*r**2 + 21*r + 496. Determine t(-11).
-98
Let s(i) = 742*i + 15573. Determine s(-21).
-9
Let d(z) = -2231*z - 443979. Give d(-199).
-10
Let c(y) = 12*y**3 - 914*y**2 + 168*y - 798. What is c(76)?
418
Let c(f) = -f**3 - 902*f**2 + 6483*f - 822. What is c(7)?
18
Let q(l) = l**3 - 78*l**2 + 491*l - 351. Calculate q(6).
3
Let g(t) = 2*t**2 + 576*t - 6486. Calculate g(11).
92
Let p(k) = -k**3 - 19*k**2 + 9860*k + 187356. Give p(-19).
16
Let y(f) = -6*f**2 + 183*f - 1208. Determine y(10).
22
Let j(v) = -1288*v + 27991. Calculate j(23).
-1633
Let o(u) = u**3 - 2287*u + 17780. Calculate o(8).
-4
Let c(h) = -170585*h - 852920. Determine c(-5).
5
Let x(f) = -f**2 - 173055*f + 1903729. Give x(11).
3
Let p(m) = m**3 - 31*m**2 + 97*m - 1198. What is p(29)?
-67
Let d(c) = -3*c**2 - 32*c + 1162. What is d(15)?
7
Let z(w) = -3102*w - 114819. What is z(-37)?
-45
Let f(p) = -496*p**2 + 11956*p + 11099. Give f(25).
-1
Let d(m) = -5*m**3 - 2*m**2 + 947*m - 2841. Give d(3).
-153
Let l(x) = -2343*x - 356093. Determine l(-152).
43
Let w(p) = 1043*p - 13523. Calculate w(13).
36
Let m(h) = -18*h**3 + 1811*h**2 + 714*h - 719. Give m(101).
-12
Let v(a) = 71*a**2 + 10892*a - 6452. What is v(-154)?
16
Let c(i) = 606*i + 1789. Determine c(0).
1789
Let j(r) = 7*r**2 - 12399*r - 250786. What is j(-20)?
-6
Let i(c) = 2*c**3 + 10*c**2 - 35*c + 168. What is i(8)?
1552
Let i(w) = -10*w**2 - 2916*w + 194649. Determine i(56).
-7
Let b(l) = -83442*l - 83403. Give b(-1).
39
Let b(p) = 6*p**3 - 91*p**2 - 331*p - 5. Determine b(-3).
7
Let k(w) = -213*w**2 + 35315*w + 7137. Calculate k(166).
-1
Let p(t) = 289*t - 11821. Calculate p(36).
-1417
Let x(z) = -32*z**3 - 4*z**2 - 63*z - 129. Give x(-5).
4086
Let u(m) = m**3 + 26*m**2 + 94*m - 29. Calculate u(-21).
202
Let m(r) = 2*r**3 - 266*r**2 - 1669*r + 47. Calculate m(-6).
53
Let b(y) = -23071*y - 161644. Give b(-7).
-147
Let g(c) = c**3 - 248*c**2 + 483*c + 2300. Give g(246).
86
Let f(h) = -h**3 - 253*h**2 - 10306*h - 813. Give f(-202).
-5
Let p(r) = 103*r**2 - 381*r - 22. What is p(5)?
648
Let u(s) = s**2 + 32*s - 1956. Give u(-64).
92
Let v(g) = 644*g - 5183. Determine v(13).
3189
Let n(y) = -10498*y - 115463. Calculate n(-11).
15
Let n(x) = -x**2 - 4457*x - 106385. What is n(-24)?
7
Let i(f) = -369*f - 68839. What is i(-183)?
-1312
Let q(t) = t**2 + 163*t - 12224. What is q(51)?
-1310
Let u(b) = 31*b**2 + 1831*b + 9174. What is u(-5)?
794
Let w(i) = i**2 - 605*i - 51754. Determine w(-76).
2
Let i(t) = 2103*t + 42070. What is i(-20)?
10
Let w(j) = j**3 - 22*j**2 - 63*j + 21. What is w(24)?
-339
Let c(o) = -4461*o + 21594. Determine c(5).
-711
Let f(g) = 17628*g - 176198. Determine f(10).
82
Let g(s) = 6*s**2 + 35851*s + 179217. What is g(-5)?
112
Let r(x) = -x**3 + 33*x**2 - 4779*x + 175938. Calculate r(36).
6
Let i(r) = 176*r - 617. Determine i(7).
615
Let i(n) = 40*n**2 - 4416*n - 32. Calculate i(110).
-1792
Let p(r) = -r**3 + 43*r**2 - 211*r - 452. Calculate p(37).
-45
Let q(h) = -h**3 + 19*h**2 - 114347*h + 1828783. Determine q(16).
-1
Let v(z) = -14*z**2 - 15383*z - 182585. Calculate v(-12).
-5
Let b(q) = -2*q**3 - 570*q**2 - 6*q + 1205. Give b(-285).
2915
Let j(l) = -18608*l - 1060719. Determine j(-57).
-63
Let c(h) = 8*h**3 - 4289*h**2 + 260*h + 147944. What is c(536)?
8
Let q(l) = 198*l + 1832. Give q(-10).
-148
Let h(t) = 456*t + 2782. What is h(-10)?
-1778
Let w(u) = 97*u**2 - 2907*u + 44. Give w(30).
134
Let i(a) = 99*a**2 + 1653*a + 83. Determine i(-18).
2405
Let a(p) = p**3 - 9*p**2 - 708*p + 8858. Determine a(14).
-74
Let k(p) = -14374*p - 100762. What is k(-7)?
-144
Let r(i) = 85*i + 14061. What is r(-150)?
1311
Let n(d) = -3*d**2 - 42*d - 3537. Give n(-33).
-5418
Let a(h) = -h**3 - 29*h**2 + 420*h + 25. Determine a(-40).
825
Let p(l) = 15500*l + 9563492. What is p(-617)?
-8
Let k(u) = 140*u + 142. Give k(0).
142
Let b(u) = u**2 + 85*u + 3067. Determine b(-43).
1261
Let z(s) = -55*s + 1098. Give z(41).
-1157
Let x(b) = 421*b + 88804. Give x(-211).
-27
Let x(m) = -4*m**3 - 405*m**2 - 530*m - 43325. Determine x(-101).
4
Let t(b) = -2*b**3 - 43*b**2 - 235*b + 46. What is t(-13)?
228
Let t(a) = 16*a**2 - 326*a - 35. What is t(6)?
-1415
Let x(r) = -9*r**2 + 13*r - 617. Give x(0).
-617
Let t(q) = -26*q**3 - 14*q**2 + 128*q + 126. What is t(-1)?
10
Let v(t) = -t**3 - 139*t**2 - 116*t + 3088. Give v(-138).
52
Let v(s) = -1636*s + 418834. What is v(256)?
18
Let h(v) = v**2 - 315*v + 495. Determine h(314).
181
Let l(q) = 2*q**2 + 180*q + 2144. Determine l(-69).
-754
Let d(r) = r**2 - 13126*r - 6277647. What is d(-462)?
9
Let t(z) = -4391*z - 23137. Determine t(-6).
3209
Let a(o) = o**2 - 138*o + 3004. What is a(36)?
-668
Let m(s) = -2*s**3 + 105*s**2 - 305*s - 56. Give m(49).
1806
Let w(x) = -2*x**2 + 1002*x - 5946. What is w(6)?
-6
Let v(p) = 238*p**2 - 60673*p - 4328. Determine v(255).
7
Let s(l) = l**2 + 124*l + 3603. Determine s(-52).
-141
Let v(t) = -367*t + 74520. Determine v(203).
19
Let o(v) = -613*v + 6646. Calculate o(11).
-97
Let p(l) = l**2 - 18*l - 9240. What is p(119)?
2779
Let x(s) = -1596*s**2 - 36*s + 49. Determine x(2).
-6407
Let a(s) = 92172*s - 1013747. Calculate a(11).
145
Let t(c) = 33419*c - 3575831. What is t(107)?
2
Let k(h) = -h**3 + 105*h**2 + 2380*h + 496. Calculate k(-19).
40
Let f(y) = 122*y**2 - 15517*y + 15411. Calculate f(1).
16
Let m(h) = 2038*h + 112056. What is m(-55)?
-34
Let q(u) = -6*u**2 - 283*u + 1369. Give q(5).
-196
Let t(g) = g**3 + 2*g**2 - 6*g + 212. What is t(0)?
212
Let v(l) = l**2 - 34324*l + 1679473. What is v(49)?
-2
Let j(b) = 39995*b - 400021. Give j(10).
-71
Let w(c) = -31250*c + 31252. What is w(1)?
2
Let n(u) = 5*u**2 + 5248*u + 62266. What is n(-12)?
10
Let f(x) = 4923*x - 17048. What is f(4)?
2644
Let j(w) = -2*w**2 + 963*w - 38115. Calculate j(438).
-9
Let c(k) = -26*k**3 + 297*k**2 - 31*k - 217. What is c(11)?
773
Let h(u) = u**2 + 24*u - 463. Give h(-28).
-351
Let f(k) = -10*k**3 - 2*k**2 - 3085*k + 9329. Calculate f(3).
-214
Let i(l) = -5245*l - 435347. Determine i(-83).
-12
Let l(b) = -b**2 + 3830*b - 53520. Calculate l(14).
-96
Let l(d) = 6*d**3 - 1153*d**2 - 2094*d - 7757. What is l(194)?
3
Let v(n) = 157*n**3 - 1115*n**2 + 81*n + 100. What is v(7)?
-117
Let k(x) = 12497*x - 12640. What is k(1)?
-143
Let m(g) = 5348456*g - 5348453. Determine m(1).
3
Let z(p) = -7354*p - 948657. Give z(-129).
9
Let c(j) = 3*j**2 - 717*j + 7218. Cal